test common divisor of 196 and i.
4
Let s(z) = -8*z + z**3 - 22*z**2 - 20*z - 1 - 20*z**2 - 14*z. Let n be s(43). What is the highest common factor of 2 and n?
2
Let m be (29/(522/(-3321)))/(2 + 10/(-4)). Let j = -24 - -65. What is the highest common factor of j and m?
41
Let q(d) = -3*d**2 + 57*d - 6. Let c be q(13). What is the highest common factor of c and 60?
12
Suppose 0 = 26*b + 16897 - 21187. Suppose -10*r + 5*r + 375 = 0. What is the greatest common divisor of b and r?
15
Let z(y) = -313*y - 781. Let r be z(-5). What is the highest common divisor of r and 256?
16
Let u = 20345 - 18109. What is the highest common divisor of u and 258?
86
Let y = 49 + 55. Let j(o) = o**3 - 8*o**2 + 6*o - 3. Let m be j(6). Let z be 4/6*m/(-2). What is the highest common divisor of z and y?
13
Suppose -3*i + i = -4. Let j be (7/i)/(-1) + (-2)/4. Let q be (238/j)/((-2)/4). Calculate the highest common factor of q and 17.
17
Suppose -5*l + 5*d + 370 = 0, -73*d + 75*d = -2*l + 156. What is the greatest common divisor of 11476 and l?
76
Let b = -23231 + 24506. What is the greatest common divisor of 1615 and b?
85
Suppose -54*b + 58*b = 92. What is the greatest common divisor of 5888 and b?
23
Let r be (898656/5698)/((-2)/(-14)). What is the highest common factor of 6 and r?
6
Let k = -107456 + 107474. Suppose -4*j + 3*j + 230 = 2*g, 218 = 2*g + 4*j. Calculate the greatest common factor of k and g.
9
Suppose -5*i + f = -22003, 5*f = 15 - 5. Calculate the highest common divisor of i and 108.
27
Let x(b) = 146*b + 1113. Let d be x(-7). Let h be -1 - (11 + -3 + 2). Let s = h + 24. Calculate the highest common divisor of d and s.
13
Let o(b) be the first derivative of -3*b**4/2 + b**3/3 + b**2 + 2*b - 97. Let a be o(-1). What is the highest common factor of a and 19?
1
Let o = 76 + -8. Let j = 16 + o. Suppose -2*l - 76 = -j. Calculate the greatest common factor of 20 and l.
4
Let q = -3721 + 3810. What is the highest common divisor of 356 and q?
89
Let z(d) = 4*d**2 + 7*d - 5. Let n be z(4). What is the greatest common factor of 39 and n?
3
Suppose 7 + 10 + 13 = 10*g. What is the greatest common factor of g and 2823?
3
Let d be (9/18 + 123/(-6))/2. Let n(q) = -6*q + 10. Let r be n(d). Calculate the highest common factor of r and 35.
35
Suppose -206*d + 200*d = -1386. Let n = -14 - -47. What is the greatest common divisor of n and d?
33
Let k(d) = 5*d + 110. Let v(w) = 2*w + 55. Let y(c) = -6*k(c) + 13*v(c). Let i be y(7). What is the highest common factor of i and 3?
3
Let m(x) = 2*x**2 + 4*x + 12. Let n be m(6). Suppose 0 = -2*z - 5*b + n, -4*b + 53 = -4*z + 241. What is the greatest common divisor of z and 196?
49
Suppose 5*j - s - 11637 = 0, -247*s + 242*s + 11625 = 5*j. Calculate the greatest common divisor of 65 and j.
13
Let j = -8823 + 8889. What is the highest common divisor of 1364 and j?
22
Suppose -o + 51 - 475 = -l, -1312 = -3*l - 5*o. Suppose 5*v - 231 - l = 0. Calculate the highest common factor of v and 120.
12
Let m(q) = q - 2*q - 30*q**2 + 10 - 2 + 29*q**2. Let s be m(-3). Calculate the highest common divisor of 8 and s.
2
Let l be (6 - -428)/(((-48)/(-6))/24). Calculate the greatest common divisor of l and 124.
62
Let k(x) = 4*x - 539. Let d be k(147). What is the highest common divisor of 2863 and d?
7
Suppose 55 = 12*k - 7*k. Suppose 5*o - 4*u = 38, o + 0*o - u - 7 = 0. Let t be o/15 - 93/(-9). Calculate the greatest common factor of t and k.
11
Let t(r) = r + 5. Let b be t(-9). Let a = 1198 - 1141. Let y = b + a. What is the highest common divisor of 53 and y?
53
Let k(v) = -v**3 + v**2 - v + 2. Suppose 5*h + 0 - 10 = 0. Let f be k(h). Let r be ((-60)/6)/(1/f). What is the highest common divisor of r and 16?
8
Let h(v) = -2*v**3 - 80*v**2 + 299*v - 10. Let f be h(-44). Calculate the highest common divisor of 172 and f.
86
Suppose 5*t - 4*f - 122 = 3, 3*t = 2*f + 73. Let l be (57 + -1)/(-6 - -8). Calculate the highest common factor of l and t.
7
Let n = -3728 + 3766. Suppose -604 = -3*a - 2*i + 420, 3*i = -3. What is the highest common factor of a and n?
38
Suppose -636 - 336 = -9*a. Suppose -11*u = -14*u - a. Let d be (6/(-5))/(u/1020). Calculate the highest common factor of d and 374.
34
Let y be (-206)/((1216/95)/(-2) - (-7 + 1)). Calculate the greatest common factor of 60 and y.
5
Let z(s) = -83*s - 282. Let k be z(-4). Suppose -3*t - 2 = -k. What is the highest common factor of 76 and t?
4
Let c = 6302 + -845. What is the highest common divisor of 51 and c?
51
Suppose 657 = -2*h + 1313 - 648. Let y = -2 + 6. Calculate the greatest common divisor of h and y.
4
Let h(x) = x**3 + 23*x**2 - 26*x - 296. Let d be h(-16). What is the greatest common factor of 16 and d?
8
Suppose 214*w + 221*w - 6288360 = 0. What is the highest common divisor of 104 and w?
104
Let b(c) = -66*c - 152. Let h(z) = 53*z + 261. Let i be h(-5). Let l be b(i). Calculate the greatest common factor of l and 7.
7
Let d be -40 + 0/(-2) + 2. Let o(s) = s + 50. Let r be o(d). Calculate the highest common divisor of 516 and r.
12
Let m = -3083 + 3173. What is the highest common factor of m and 198?
18
Let r be 160 + -149 - (0 - 28). Calculate the highest common divisor of r and 2899.
13
Suppose 0 = -4*w + 5*w + 153. Let x be (21/(-112)*4)/((-3)/(-672)). Let g = w - x. What is the highest common factor of g and 60?
15
Suppose 8*u - 7*u = 175. Let r be 1*u*9/9. Suppose -5*q + 50 = -3*q. Calculate the greatest common divisor of r and q.
25
Let j = 4199 - 3954. What is the highest common factor of 5 and j?
5
Suppose -46*j = -8*j - 6385 - 8625. Calculate the greatest common divisor of 1264 and j.
79
Let d(z) = 4*z**3 - 23*z**2 + 78*z - 47. Let s be d(3). Calculate the highest common divisor of 15884 and s.
44
Let w = 188 + -185. Suppose d + w = 2*d, -5*y = -5*d - 160. What is the greatest common divisor of 40 and y?
5
Let f be (-303)/(-1414) - 115970/(-28). What is the greatest common divisor of f and 95?
19
Suppose -2*i - w - 4*w - 15 = 0, -w = i. Suppose 4*s - 3*s = -j + 8, -3*s - i*j + 18 = 0. What is the greatest common factor of s and 176?
11
Let v = -153 + 223. Suppose 4*j - v = -26. What is the highest common divisor of j and 22?
11
Suppose 67 = z + 62. Let b(p) = 6*p. Let d be b(z). Calculate the greatest common divisor of 54 and d.
6
Let a(o) = -2*o**3 + 2*o**2 + 3*o + 1. Let t be a(-2). Let h = t + -34. Let n = 31 + h. What is the greatest common divisor of n and 144?
16
Let a = -7 - -10. Let n(g) = -242 + 477 - g**3 - 2*g**2 - 4*g - 234 - 3*g**2. Let x be n(-4). Calculate the highest common factor of x and a.
1
Suppose -26 = -12*m + 34. Suppose 13*d + 5*v - m = 18*d, -v + 7 = 5*d. What is the greatest common factor of 61 and d?
1
Let k(i) = -2*i**3 - 49*i**2 - 59*i - 246. Let d be k(-24). Suppose 6*h - 132 = 4*h. What is the greatest common divisor of h and d?
66
Suppose 0 = 4*u + 5 - 361. Suppose -u*v = -86*v - 51. Let h be 67 - (-1 + -1 + 1). Calculate the greatest common divisor of h and v.
17
Suppose -2*f = u - 39, 72 = 3*f - 479*u + 476*u. What is the highest common divisor of f and 371?
7
Let p be 27/((-81)/(-24)) + 804/1. What is the greatest common divisor of p and 870?
58
Let w be (-10 - (10 + -24)) + 2983. What is the greatest common factor of w and 29?
29
Let y be (18 + (-5 - 10))*(16732/(-3))/(-4). What is the greatest common divisor of y and 423?
47
Let m = 994 + -1517. Let l = -356 - m. Suppose 405 = 4*v - l. Calculate the highest common divisor of 11 and v.
11
Suppose 0 = 3*t - 5*j - 96 + 25, 0 = j + 1. Suppose -12*y - 90 = -t*y. Calculate the greatest common factor of y and 279.
9
Suppose 3*o - 2364 = -5*q, -265*o + 6*q + 834 = -264*o. Calculate the highest common factor of 42 and o.
42
Suppose -2203 = -5*w + 52. Suppose 455*h - 20 = w*h. Calculate the greatest common factor of 80 and h.
5
Suppose 212*p - 213*p + 396 = 0. Suppose 0*f + 4*f = p. Calculate the highest common divisor of f and 9.
9
Let n(r) = r**2 - 36*r + 133. Let v be n(32). Suppose -v*w = 391 - 416. What is the greatest common divisor of w and 365?
5
Let h(c) = -c**2 - 5*c - 2. Let w be h(-3). Suppose -1023 = -w*k - 27*k. Calculate the highest common factor of k and 22.
11
Let t(f) = -f**2 - 6*f - 8. Let v be t(-3). Let g be 8/(-4) - (-9 + 2/v). Suppose -g*u = -8*u + 42. What is the hi